rime?
True
Is 2827547 a composite number?
False
Is 24094613 composite?
False
Is 24015626 a prime number?
False
Is 21578093 composite?
False
Is 10150505 composite?
True
Is 1907113 a composite number?
True
Is 1858421 prime?
True
Is 46210154 a prime number?
False
Is 6302081 prime?
True
Is 5060953 prime?
True
Is 106942949 a composite number?
True
Is 239801 a composite number?
True
Is 63140827 a prime number?
True
Is 6340189 a prime number?
True
Is 1325249 composite?
True
Is 4694413 prime?
True
Is 3492701 a composite number?
True
Is 253516657 composite?
True
Is 4317839 prime?
False
Is 426526 prime?
False
Is 16807366 composite?
True
Is 6068767 composite?
True
Is 48014669 a prime number?
True
Is 56139211 prime?
True
Is 3238007 a composite number?
True
Is 131778467 a composite number?
True
Is 22320457 a composite number?
False
Is 11084233 a prime number?
True
Is 28367297 a composite number?
True
Is 104131667 a prime number?
True
Is 5249467 a prime number?
False
Is 2603819 composite?
False
Is 4157083 composite?
True
Is 116627879 composite?
True
Is 203455271 composite?
True
Is 1935235 a composite number?
True
Is 10573649 prime?
True
Is 50982553 a composite number?
False
Is 49011691 composite?
False
Is 34123547 a prime number?
False
Is 196467251 a prime number?
True
Is 174239969 a prime number?
True
Is 4285759 prime?
False
Is 24591691 a composite number?
False
Is 17955127 a prime number?
False
Is 3640013 a composite number?
True
Is 6007519 composite?
True
Is 6105937 prime?
True
Is 4811159 a composite number?
False
Is 8907911 composite?
False
Is 24353759 composite?
False
Is 21316667 a composite number?
False
Is 130193291 composite?
False
Is 69526069 a composite number?
False
Is 53844101 a prime number?
False
Is 70171513 prime?
False
Is 17582377 composite?
False
Is 33814253 a prime number?
False
Is 52501795 a prime number?
False
Is 5519 prime?
True
Is 268557581 composite?
True
Is 374279489 a prime number?
False
Is 2017637 composite?
False
Is 6221599 prime?
False
Is 733301 composite?
False
Is 1650445129 composite?
True
Is 1874723 a composite number?
False
Is 789053 prime?
False
Is 48012869 composite?
False
Is 56739847 a composite number?
False
Is 21156743 a composite number?
False
Is 16976749 prime?
False
Is 29571053 a prime number?
False
Is 2476739 a prime number?
True
Is 5388091 composite?
False
Is 24169 a prime number?
True
Is 73526123 composite?
True
Is 11289545 a composite number?
True
Is 31405001 a prime number?
False
Is 18787583 composite?
True
Is 76254791 a composite number?
True
Is 16884511 a prime number?
False
Is 1698509 composite?
False
Is 90522487 a composite number?
True
Is 1038690269 composite?
True
Is 6980069 a prime number?
True
Is 766879 a composite number?
True
Is 17729821 composite?
True
Is 18895711 a composite number?
True
Is 37452907 prime?
True
Is 1721407 a prime number?
True
Is 1514257 prime?
False
Is 14254547 prime?
False
Is 20554477 composite?
False
Is 14660803 a prime number?
True
Is 29050921 composite?
False
Is 103658327 composite?
True
Is 312841 a prime number?
True
Is 681277 a prime number?
False
Is 762581 prime?
False
Is 1448801 a prime number?
True
Is 30249137 prime?
False
Is 8031301 prime?
False
Is 3019619 a prime number?
True
Is 126008863 composite?
True
Is 338563697 prime?
True
Is 73133761 a prime number?
False
Is 29284481 prime?
False
Is 9070547 a composite number?
False
Is 458789 prime?
True
Is 1684519 a composite number?
True
Is 8097085 prime?
False
Is 785138 prime?
False
Is 219523861 composite?
False
Is 30994673 a composite number?
False
Is 6095489 composite?
False
Is 8561977 prime?
False
Is 28585741 composite?
False
Is 1545911 composite?
False
Is 595695799 a prime number?
True
Is 6822367 a composite number?
True
Is 60427679 prime?
False
Is 2750647 a prime number?
False
Is 198767729 a prime number?
True
Is 453619 prime?
False
Is 19277607 prime?
False
Is 16820403 composite?
True
Is 3599821 composite?
False
Is 43676129 composite?
True
Is 2325179 prime?
False
Is 1105473 a prime number?
False
Is 223526569 prime?
False
Is 2887979 a prime number?
True
Is 45358589 a prime number?
True
Is 33104271 a composite number?
True
Is 18539623 composite?
True
Is 4249259 composite?
True
Is 1954763 a prime number?
True
Is 12423893 a composite number?
False
Is 1524569 prime?
True
Is 13995193 composite?
False
Is 22252119 a prime number?
False
Is 7309801 a composite number?
False
Is 83941969 a composite number?
False
Is 17233421 a composite number?
False
Is 24032726 composite?
True
Is 1225879 composite?
False
Is 58079689 a composite number?
False
Is 167469 a prime number?
False
Is 129278333 a composite number?
True
Is 181941007 composite?
True
Is 12075169 prime?
True
Is 36281369 a prime number?
True
Is 102967841 prime?
True
Is 768218987 a prime number?
False
Is 17607943 prime?
True
Is 58907561 a composite number?
True
Is 555336751 composite?
False
Is 5847949 composite?
True
Is 5077711 a composite number?
False
Is 8167739 composite?
True
Is 3148862 prime?
False
Is 29825111 composite?
True
Is 316301399 a composite number?
True
Is 17643289 a prime number?
True
Is 29433259 a composite number?
True
Is 584137 a composite number?
True
Is 37958963 a composite number?
True
Is 9584203 prime?
True
Is 4616057 a prime number?
False
Is 5514193 prime?
True
Is 38047987 a prime number?
False
Is 1205959 composite?
True
Is 301717 prime?
False
Is 79525247 a composite number?
True
Is 44953309 composite?
False
Is 7975783 a composite number?
True
Is 20071637 prime?
True
Is 46138763 a composite number?
True
Is 14171471 a composite number?
False
Is 13806401 composite?
True
Is 38212771 a composite number?
False
Is 67406923 a composite number?
False
Is 26513237 composite?
False
Is 4314538 composite?
True
Is 16548269 prime?
True
Is 53948591 a composite number?
False
Is 16474783 a composite number?
True
Is 95046587 a composite number?
False
Is 1900597 a composite number?
False
Is 272416097 a prime number?
True
Is 11819411 a composite number?
True
Is 3437569 composite?
True
Is 3896011 composite?
True
Is 151003739 composite?
False
Is 7520173 a composite number?
False
Is 10657957 a composite number?
False
Is 37237117 composite?
False
Is 1218215821 a prime number?
False
Is 11878283 prime?
False
Is 3006989 prime?
True
Is 8201243 a composite number?
True
Is 56922179 a prime number?
False
Is 284484671 prime?
True
Is 15531833 a prime number?
True
Is 8522081 prime?
False
Is 2490297 a composite number?
True
Is 28041241 prime?
False
Is 21811351 a prime number?
True
Is 46399161 composite?
True
Is 2940955 composite?
True
Is 28147703 prime?
True
Is 634624231 prime?
False
Is 1405397 composite?
True
Is 777856043 composite?
False
Is 7094089 a prime number?
False
Is 371662 prime?
False
Is 511261 a prime number?
True
Is 20417069 prime?
True
Is 858071 a prime number?
False
Is 209432471 a composite number?
False
Is 49144871 a composite number?
False
Is 2384771 a prime number?
True
Is 103500167 a composite number?
False
Is 17716367 a prime number?
True
Is 1301315 composite?
True
Is 700261 composite?
True
Is 33435751 a prime number?
True
Is 1498170829 a prime number?
True
Is 21772358 a prime number?
False
Is 132031147 composite?
True
Is 10369589 composite?
False
Is 8462833 composite?
False
Is 85348619 composite?
True
Is 89046395 a prime number?
False
Is 1770679 a prime number?
True
Is 6546701 a composite number?
True
Is 302914501 prime?
True
Is 1359391 a prime number?
False
Is 17068615 a composite number?
True
Is 276269389 prime?
False
Is 23849335 composite?
True
Is 21160369 a composite number?
True
Is 148027421 a prime number?
True
Is 143351 a composite number?
True
Is 220477069 composite?
True
Is 50583133 a composite number?
False
Is 3659849 prime?
True
Is 4059359 a composite number?
True
Is 1187440637 a composite number?
False
Is 42242929 prime?
False
Is 211733051 composite?
False
Is 1274183 a prime number?
True
Is 131247731 a prime number?
True
Is 5742041 a prime number?
True
Is 1279805 a prime number?
False
Is 670777 composite?
False
Is 145324955 a prime number?
False
Is 3439993 composite?
True
Is 1419157117 composite?
True
Is 51773539 a composite number?
False
Is 5371754 a composite number?
True
Is 9586439 prime?
False
Is 2548571 a composite number?
False
Is 48328207 prime?
False
I